ed millions digit of 1474873137?
4
What is the hundred thousands digit of 2125514666?
5
What is the units digit of 113095857?
7
What is the hundred millions digit of 355925058?
3
What is the hundred millions digit of 7630348647?
6
What is the thousands digit of 4954459?
4
What is the ten thousands digit of 848491333?
9
What is the millions digit of 310962150?
0
What is the billions digit of 2319740425?
2
What is the ten millions digit of 13656991?
1
What is the hundreds digit of 584666464?
4
What is the tens digit of 25093773?
7
What is the hundred thousands digit of 366290183?
2
What is the ten thousands digit of 40905889?
0
What is the hundreds digit of 19281804?
8
What is the ten millions digit of 30310516?
3
What is the hundred thousands digit of 189440385?
4
What is the thousands digit of 51924951?
4
What is the hundred millions digit of 147974427?
1
What is the billions digit of 1134729978?
1
What is the ten thousands digit of 7117183815?
8
What is the hundreds digit of 28466112?
1
What is the ten millions digit of 34392212?
3
What is the tens digit of 39079587?
8
What is the units digit of 117583039?
9
What is the ten millions digit of 495376146?
9
What is the millions digit of 115842378?
5
What is the millions digit of 2014035617?
4
What is the units digit of 315525206?
6
What is the units digit of 193408610?
0
What is the hundred thousands digit of 1589773328?
7
What is the units digit of 4257485900?
0
What is the tens digit of 55113056?
5
What is the units digit of 928863073?
3
What is the hundred millions digit of 293521704?
2
What is the tens digit of 36032260?
6
What is the ten millions digit of 73231497?
7
What is the ten thousands digit of 933560719?
6
What is the tens digit of 134107874?
7
What is the ten millions digit of 347470597?
4
What is the thousands digit of 29357303?
7
What is the ten millions digit of 364520309?
6
What is the thousands digit of 390176195?
6
What is the hundreds digit of 384705762?
7
What is the hundreds digit of 141448195?
1
What is the units digit of 52460652?
2
What is the units digit of 209735980?
0
What is the thousands digit of 12492289?
2
What is the ten thousands digit of 194408643?
0
What is the tens digit of 6759551950?
5
What is the hundred thousands digit of 95191929?
1
What is the hundreds digit of 218823214?
2
What is the ten millions digit of 49602573?
4
What is the ten thousands digit of 2041887448?
8
What is the thousands digit of 659228008?
8
What is the ten millions digit of 981096508?
8
What is the ten millions digit of 180390219?
8
What is the ten millions digit of 726414679?
2
What is the units digit of 204100654?
4
What is the thousands digit of 321564450?
4
What is the units digit of 3467366559?
9
What is the thousands digit of 59816636?
6
What is the ten thousands digit of 70561660?
6
What is the millions digit of 131135618?
1
What is the ten thousands digit of 2445565668?
6
What is the billions digit of 4031566607?
4
What is the hundreds digit of 201139079?
0
What is the ten millions digit of 250479343?
5
What is the ten thousands digit of 412779241?
7
What is the thousands digit of 672963679?
3
What is the millions digit of 170557348?
0
What is the ten millions digit of 2205512068?
0
What is the hundred thousands digit of 106311873?
3
What is the ten millions digit of 919362118?
1
What is the millions digit of 55238570?
5
What is the ten millions digit of 239065257?
3
What is the hundred thousands digit of 2443998225?
9
What is the hundreds digit of 124810438?
4
What is the thousands digit of 43620509?
0
What is the units digit of 604369258?
8
What is the units digit of 2608626801?
1
What is the units digit of 5781806077?
7
What is the ten millions digit of 163094720?
6
What is the thousands digit of 391701537?
1
What is the hundred thousands digit of 500344046?
3
What is the ten thousands digit of 632307333?
0
What is the hundreds digit of 952605320?
3
What is the ten thousands digit of 11241065?
4
What is the tens digit of 28852972?
7
What is the ten millions digit of 14094190?
1
What is the millions digit of 170616204?
0
What is the ten thousands digit of 136546204?
4
What is the hundreds digit of 979825319?
3
What is the ten thousands digit of 292666512?
6
What is the units digit of 359015305?
5
What is the thousands digit of 348514531?
4
What is the thousands digit of 90327963?
7
What is the ten millions digit of 2830176806?
3
What is the thousands digit of 91653690?
3
What is the tens digit of 68224130?
3
What is the hundred millions digit of 953147455?
9
What is the millions digit of 719046753?
9
What is the ten thousands digit of 2277723055?
2
What is the tens digit of 4003545930?
3
What is the ten millions digit of 46586065?
4
What is the ten millions digit of 1650937549?
5
What is the units digit of 940056344?
4
What is the hundred thousands digit of 880846778?
8
What is the tens digit of 160349636?
3
What is the thousands digit of 86840969?
0
What is the units digit of 193976086?
6
What is the hundred millions digit of 3191862338?
1
What is the hundred thousands digit of 60727464?
7
What is the units digit of 81992?
2
What is the hundreds digit of 2411166?
1
What is the units digit of 430706152?
2
What is the ten thousands digit of 58705984?
0
What is the ten thousands digit of 5176542278?
4
What is the hundred millions digit of 4439399903?
4
What is the tens digit of 63235239?
3
What is the hundreds digit of 181826104?
1
What is the hundred thousands digit of 98092091?
0
What is the ten millions digit of 409377673?
0
What is the millions digit of 511408733?
1
What is the ten millions digit of 34924341?
3
What is the thousands digit of 150838388?
8
What is the millions digit of 4570240496?
0
What is the ten thousands digit of 1915133260?
3
What is the hundred thousands digit of 838287890?
2
What is the thousands digit of 1452391924?
1
What is the ten thousands digit of 105613419?
1
What is the ten thousands digit of 2408704?
0
What is the millions digit of 66639994?
6
What is the tens digit of 1408827022?
2
What is the hundreds digit of 445947115?
1
What is the hundreds digit of 19036229?
2
What is the ten thousands digit of 125132657?
3
What is the ten thousands digit of 65172754?
7
What is the millions digit of 73272622?
3
What is the hundred thousands digit of 429694089?
6
What is the units digit of 11932751?
1
What is the hundred thousands digit of 425781898?
7
What is the ten millions digit of 1262265169?
6
What is the billions digit of 5373547772?
5
What is the millions digit of 58033624?
8
What is the hundreds digit of 51131356?
3
What is the ten millions digit of 355897883?
5
What is the millions digit of 146378810?
6
What is the ten millions digit of 36564467?
3
What is the hundred thousands digit of 264843601?
8
What is the ten millions digit of 268113653?
6
What is the hundred thousands digit of 150377548?
3
What is the thousands digit of 436401169?
1
What is the hundreds digit of 618044284?
2
What is the units digit of 335743343?
3
What is the hundreds digit of 143439378?
3
What is the thousands digit of 1328860817?
0
What is the ten thousands digit of 38529990?
2
What is the hundreds digit of 2735705397?
3
What is the hundreds digit of 208349803?
8
What is the hundred thousands digit of 16911189?
9
What is the ten millions digit of 98474562?
9
What is the ten thousands digit of 59841415?
4
What is the ten thousands digit of 225006884?
0
What is the millions digit of 43740182?
3
What is the units digit of 1567469380?
0
What is the millions digit of 151805361?
1
What is the ten thousands digit of 748645678?
4
What is the hundred thousands digit of 53648941?
6
What is the hundred thousands digit of 172324171?
3
What is the millions digit of 89098305?
9
What is the thousands digit of 4530385594?
5
What is the hundred millions digit of 310830433?
3
What is the hundred thousands digit of 2766219999?
2
What is the millions digit of 865940822?
5
What is the hundred millions digit of 618855195?
6
What is the hundred millions digit of 154766771?
1
What is the ten thousands digit of 50411933?
1
What is the hundred thousands digit of 1329245612?
2
What is the hundred thousands digit of 520631640?
6
What is the units digit of 96168879?
9
What is the units digi